test common divisor of 105 and s.
35
Let h(j) = j**2 + 5*j - 8. Let i be h(-8). Let f be i/(-6)*(-5 + -1). Let p(y) = -43*y + 4. Let z be p(-4). Calculate the highest common divisor of f and z.
16
Suppose -c = -5*c. Suppose c = a - 3 - 13. What is the highest common divisor of 16 and a?
16
Let h(l) = 7*l + 1. Let j be h(3). Suppose -11*c - 44 = -13*c. What is the highest common factor of c and j?
22
Let z = -5 - -6. Let h(g) = -g + 1. Let m(p) = -19*p + 7. Let i(b) = 6*h(b) - m(b). Let y be i(z). Calculate the greatest common divisor of y and 6.
6
Let i = 17 - 6. What is the greatest common factor of i and 77?
11
Let k(q) = 3*q - 6. Let s(u) = u - 1. Let x be s(7). Let f be k(x). Suppose t - 58 = -2*b - 4*t, 5*t + 14 = b. What is the greatest common factor of f and b?
12
Suppose -15 = 3*c - 42. Suppose -421 = -4*s - 133. What is the highest common divisor of c and s?
9
Suppose 0 = -k - 4*y - 13, k - 2*y + 13 = -0*y. Let t = k - -22. Calculate the greatest common factor of t and 1.
1
Let c be 5/10 - (-1)/(-2). Suppose 4*q - 34 = -2*s, 3*q + 4*s - 2 - 16 = c. Let m be (2 - -5) + 2 - -1. Calculate the highest common divisor of q and m.
10
Let w be (-2 + (-1020)/8)*-2. Calculate the greatest common factor of w and 37.
37
Suppose 5*x = 3*l - 95, -x - 29 = 5*l - 234. What is the greatest common divisor of 10 and l?
10
Let t = -250 + 179. Let q = t + 99. Calculate the highest common factor of 42 and q.
14
Let u = 9 + -5. Suppose u*s = 2*v - 9 + 41, -3*s = -3*v - 30. Suppose -3*f - 4 = -2*p, -p - 5*f + s = 2*p. Calculate the highest common factor of 16 and p.
2
Suppose -3*i + 2*p = i - 36, 0 = 3*p - 6. Calculate the highest common divisor of i and 20.
10
Let b(r) = 6*r**2 + 2*r. Let l be b(2). Let h be (30 + -2)*9/6. What is the greatest common divisor of h and l?
14
Let r be 1/(2 + -1)*7. Suppose 2*p - r*p - 3*x + 537 = 0, -4*x - 436 = -4*p. What is the highest common divisor of p and 12?
12
Suppose -3*j + 7*j = -5*u - 548, -2*j - 276 = 3*u. Let w = j - -196. Suppose 0 = 5*d + 2*i - w, -i + 12 = d - 2. What is the highest common factor of 12 and d?
12
Suppose 0*u + 72 = 4*u. Calculate the greatest common factor of 63 and u.
9
Let t(k) = -k. Let o be t(-2). Let w(x) = x - 4 + 5*x**2 - 6*x - 4*x**o. Let b be w(6). Calculate the highest common divisor of b and 16.
2
Suppose 0 = t - 1, -3*y + 4*t - 415 = -0*t. Let g be (2*101)/((-3)/(-3)). Let k = y + g. Calculate the highest common factor of k and 26.
13
Let l = -17 - -12. Let m be l + 37 + -1 + 1. What is the highest common divisor of 48 and m?
16
Let m(d) = -3*d - 9. Let g be m(-8). Let j be 2 - -3 - (0 + 2). What is the highest common divisor of j and g?
3
Suppose -d + 33 + 52 = s, -20 = -4*d. What is the highest common divisor of 20 and s?
20
Let f = 9 + -6. Suppose -f*g + 8 = -g. What is the highest common divisor of 32 and g?
4
Let x(i) = i**2 + 2*i - 4. Let q be x(-6). Let k(n) = n**2 - 8*n - 44. Let o be k(14). What is the greatest common factor of q and o?
20
Let l(r) = 5*r + 19. Let w be l(-7). Let z be (-324)/8*w/6. Calculate the highest common factor of 12 and z.
12
Suppose 6*o - 5 = o. Suppose -5 = -m, -5*s - 2*m = -5*m - 25. What is the highest common divisor of s and o?
1
Let v be (-13)/(-3) - (-7)/(-21). Suppose 0 = y + v*y - 80. Let n be (-3 + y)*(0 - -1). Calculate the greatest common factor of 39 and n.
13
Let j = -82 + 142. Calculate the greatest common factor of j and 40.
20
Let f(m) = 2*m + 3. Let r be f(-2). Let u be r - -1 - (-25)/5. Calculate the highest common divisor of 5 and u.
5
Let h be 1 + 7 - (1 + 0). Suppose 3 = -t + 2*f, -5*t + 2*t - 2*f + 23 = 0. Suppose t = 3*j + 2. Calculate the greatest common divisor of j and h.
1
Suppose 0*t - 76 = -4*j - 5*t, -84 = -3*j + 3*t. Suppose 5*d = 2*d + j. What is the greatest common factor of 64 and d?
8
Let z(a) be the third derivative of 1/24*a**4 + 2/3*a**3 + 0*a + 3*a**2 + 1/60*a**5 + 0. Let s be z(4). Calculate the highest common divisor of s and 12.
12
Let c = 17 + -12. Let h = 26 + -11. Calculate the greatest common divisor of c and h.
5
Let s(b) = -b**2 + 2*b - 1. Let n be s(3). Let y be (-4)/5*10/n. Suppose -1 = h, y*f + f = 2*h + 50. Calculate the greatest common divisor of f and 40.
8
Let p(g) = 17*g + 9. Let i be p(9). Calculate the greatest common divisor of 18 and i.
18
Let c = 93 + -56. Suppose -5*s - 3*d + 15 = -20, -3*s - 5*d = -c. Suppose 5*f + 2*h - 38 = 0, 7 = s*f - 5*h + 3. What is the greatest common divisor of f and 6?
6
Let p(b) = 3*b + 98. Let x be p(-29). Calculate the highest common divisor of 209 and x.
11
Let t = 8 - -10. Calculate the highest common factor of 45 and t.
9
Let h(q) = -2*q**2 - 12*q + 2. Let t be h(-6). Calculate the highest common factor of t and 2.
2
Let l(s) = -s**3 - 4*s**2 + 13*s. Let g be l(-7). Let b be (16/6 + 0)*3. What is the greatest common factor of b and g?
8
Let o be -51*6/(-9) + 1. Suppose 13 = -s + o. What is the greatest common divisor of 2 and s?
2
Suppose -3*f + 12 = -3*q - q, 0 = 3*f + 3*q + 9. Suppose 0 = -3*i - f*i + 36. What is the greatest common divisor of i and 18?
6
Let w(d) = d**3 - 9*d**2 + 10*d - 9. Let c be w(8). Calculate the greatest common divisor of 7 and c.
7
Let h be 32 - (-1)/(1/2*2). Calculate the highest common divisor of h and 44.
11
Suppose 2*t = -10*t + 60. Calculate the greatest common divisor of 35 and t.
5
Let w = 165 + -144. Calculate the greatest common divisor of w and 7.
7
Let q be (-1)/(10/6 - 2). Suppose 4*g = -5*r + 5, -q*r - 15 = -8*r - 2*g. Calculate the highest common divisor of r and 35.
5
Suppose 0 = 3*h + x + 3*x - 1, 3*x - 22 = 2*h. Let d = -3 - h. Suppose -2*s + 532 = d*s + 4*g, 2*g + 399 = 3*s. What is the greatest common divisor of s and 19?
19
Let l be (2 - 2) + -3 + 5. Suppose -2*n + 0*j + 122 = -l*j, -5*j - 49 = -n. Calculate the highest common factor of n and 16.
16
Let b(p) = p**3 + 2*p**2 - 3*p + 3. Let y be b(-3). Suppose 4*o - o = y. Let u be (0 - o)/((-2)/10). What is the highest common divisor of u and 55?
5
Let m = 15 - 0. Let z = 21 - m. Calculate the greatest common factor of z and 15.
3
Let u be 7/(-28) + 482/8. Calculate the highest common factor of u and 6.
6
Let j(y) = y**2 - 1. Let s be j(-3). Let z = 188 - 116. Calculate the highest common factor of z and s.
8
Suppose -3*v = 3*m - 0*m - 18, -4*v = -2*m. Suppose -306 = -m*y + 2. Calculate the highest common factor of y and 11.
11
Let d = -32 + 48. Let h be (28/6)/(8/108). Let y = h + -39. Calculate the greatest common divisor of d and y.
8
Suppose 5*q - 20 = q, 3*q + 9 = 2*b. What is the highest common divisor of 66 and b?
6
Let k be 242/5 - 2/5. Calculate the greatest common factor of 16 and k.
16
Suppose 24 = -s + 5*s + 3*b, -s + 5*b = 17. Suppose -z - s*z = -12. Suppose -z*v + 34 = 7. Calculate the greatest common factor of v and 9.
9
Suppose -9*v + 4*v + 150 = 0. Calculate the greatest common factor of v and 20.
10
Suppose -2*y = -4, 0 = -t + 8*y - 10*y + 129. Suppose 0 = 4*d - 120 + 20. Calculate the highest common divisor of d and t.
25
Let r be 7/14 - (-7)/2. Suppose r*a - 97 = h, h + 122 = 5*a - h. Calculate the greatest common factor of a and 16.
8
Suppose 118*f - 113*f = 20. Let b = -22 + 32. What is the greatest common factor of b and f?
2
Suppose 0*p - 10 = -5*p + 2*z, 0 = 4*p + 3*z - 31. Suppose -5*h = -5*w - 125, 0 = -p*h + 5*w + 34 + 67. What is the highest common divisor of h and 4?
4
Suppose -d = d - 14. Let n(g) = g**3 - 3*g**2 - 2*g + 4. Let j be n(3). Let a be (0 + j)*21/(-2). Calculate the highest common divisor of a and d.
7
Let g(r) = r**2 + 5*r. Let c = 18 + -33. Let k = c + 9. Let l be g(k). Calculate the highest common divisor of 42 and l.
6
Suppose -z + 30 = -i, -2*i - 3*i - 80 = -3*z. What is the greatest common divisor of z and 14?
7
Suppose 4*m - 4*q = 4, -11 = -m + 2*q - 3*q. What is the highest common factor of m and 2?
2
Let w be ((-36)/(-8) + -4)*144. Calculate the greatest common divisor of 8 and w.
8
Let h(y) = 14*y**2 + 27*y - 2. Let b(m) = 9*m**2 + 18*m - 1. Let j(n) = 8*b(n) - 5*h(n). Let w be j(-6). Calculate the greatest common divisor of 5 and w.
5
Let x be ((-48)/(-20) + -2)*5. Calculate the highest common factor of 10 and x.
2
Suppose 0 = 4*o - 3*i - 36, 0 = o - i - 2 - 8. Suppose 4*b = 3*y - y + 2, 4*b - 1 = 3*y. 